{"id":1095,"date":"2025-09-26T19:47:30","date_gmt":"2025-09-26T19:47:30","guid":{"rendered":"https:\/\/anchic.es\/?post_type=product&#038;p=1095"},"modified":"2025-11-13T11:29:27","modified_gmt":"2025-11-13T11:29:27","slug":"encanto-historico-en-el-corazon-de-sevilla","status":"publish","type":"product","link":"https:\/\/anchic.es\/en\/product\/encanto-historico-en-el-corazon-de-sevilla\/","title":{"rendered":"Historic charm in the heart of Seville"},"content":{"rendered":"<div class=\"_tp3sbt\">\n<section>\n<div class=\"_gt7myn\">\n<h3 class=\"hpipapi atm_7l_1kw7nm4 atm_c8_1x4eueo atm_cs_1kw7nm4 atm_g3_1kw7nm4 atm_gi_idpfg4 atm_l8_idpfg4 atm_kd_idpfg4_pfnrn2 dir dir-ltr\" tabindex=\"-1\">The space<\/h3>\n<\/div>\n<p><span class=\"l1h825yc atm_kd_adww2_24z95b dir dir-ltr\">Redesigned and updated 2-bedroom, 2-bathroom apartment in a unique regionalist building from 1927 designed by the renowned architect An\u00edbal Gonz\u00e1lez. (Plaza de Espa\u00f1a)<br \/>\nBright, with two balconies facing the street and windows in all rooms around a courtyard, it maintains a traditional feel with ceilings of almost 4 meters and colorful decorated floors.<br \/>\nWalking to all the best that Seville has to offer.<\/span><\/p>\n<p>The first bedroom has three tall windows, a 160 x 2m bed, an upholstered headboard, a dressing room, and an en-suite bathroom with a large shower (130 x 70 cm), a towel warmer, and a separate shower in the toilet. The second bedroom has a 140 x 190 cm bed.<\/p>\n<p class=\"translation-block\">The kitchen is designed for enjoying a snack and a glass of wine while listening to music in the lounge (Nest mini) or for cooking your favorite dishes. It features a digital oven and an induction hob. All rooms are equipped with steel radiators (Nest thermostat). For summer, there are efficient Samsung air conditioning units and ceiling fans.<\/p>\n<p>&nbsp;<\/p>\n<\/section>\n<\/div>\n<section><\/section>\n<section><\/section>\n<div class=\"_tp3sbt\">\n<section>\n<div class=\"_gt7myn\">\n<h3 class=\"hpipapi atm_7l_1kw7nm4 atm_c8_1x4eueo atm_cs_1kw7nm4 atm_g3_1kw7nm4 atm_gi_idpfg4 atm_l8_idpfg4 atm_kd_idpfg4_pfnrn2 dir dir-ltr\" tabindex=\"-1\">Services and common areas<\/h3>\n<\/div>\n<p><span class=\"l1h825yc atm_kd_adww2_24z95b dir dir-ltr\">During your stay you will have private access to the entire apartment.<\/span><\/p>\n<p>The apartment will be equipped with the bed linen and towels necessary for your stay.<\/p>\n<p>The apartment includes, among other things:<\/p>\n<p class=\"translation-block\">\u2013 Air conditioning<br>\n\u2013 Wi-Fi<br>\n\u2013 Underfloor heating<br>\n\u2013 Towel warmer<br>\n\u2013 Ceiling fans<br>\n\u2013 Fully equipped kitchen (oven, coffee maker, refrigerator, microwave, toaster)<br>\n\u2013 Washer\/dryer<br>\n\u2013 Natural light<br>\n\u2013 Hangers in the closets<br>\n\u2013 Bed linen and two towels per guest, plus a bath mat in each bathroom<br>\n\u2013 Check-in from 3:00 PM<br>\n\u2013 Assistance during your stay in case of any issues.<\/p>\n<p>&nbsp;<\/p>\n<\/section>\n<\/div>\n<section><\/section>\n<section><\/section>\n<div class=\"_tp3sbt\">\n<section>\n<div class=\"_gt7myn\">\n<h3 class=\"hpipapi atm_7l_1kw7nm4 atm_c8_1x4eueo atm_cs_1kw7nm4 atm_g3_1kw7nm4 atm_gi_idpfg4 atm_l8_idpfg4 atm_kd_idpfg4_pfnrn2 dir dir-ltr\" tabindex=\"-1\">Registration data<\/h3>\n<\/div>\n<p><span class=\"l1h825yc atm_kd_adww2_24z95b dir dir-ltr\">Spain \u2013 National registration number<br \/>\nESFCTU0000410350004107850000000000000000VFT\/SE\/095989<\/span><\/p>\n<\/section>\n<\/div>\n<p>&nbsp;<\/p>\n<p>&nbsp;<\/p>","protected":false},"excerpt":{"rendered":"<p class=\"translation-block\">Comfortable, eclectic, unique, light and details.<br>\nGenerous space, very high ceilings, air conditioning, chef's kitchen. 1G Wi-Fi. Elevator.<br>\nRomantic, family-friendly. Quiet and very well located. Not mass tourism.<br>\nWhite, black, terracotta.<br>\nNewly renovated and updated 2-bedroom, 2-bathroom apartment in a unique regionalist building from 1927 designed by the renowned architect An\u00edbal Gonz\u00e1lez (Plaza de Espa\u00f1a). Close to all the best that Seville has to offer on foot. VUT\/SE\/09598<\/p>","protected":false},"featured_media":1341,"comment_status":"closed","ping_status":"closed","template":"","meta":{"_acf_changed":false,"site-sidebar-layout":"default","site-content-layout":"","ast-site-content-layout":"default","site-content-style":"default","site-sidebar-style":"default","ast-global-header-display":"","ast-banner-title-visibility":"","ast-main-header-display":"","ast-hfb-above-header-display":"","ast-hfb-below-header-display":"","ast-hfb-mobile-header-display":"","site-post-title":"","ast-breadcrumbs-content":"","ast-featured-img":"","footer-sml-layout":"","ast-disable-related-posts":"","theme-transparent-header-meta":"default","adv-header-id-meta":"","stick-header-meta":"","header-above-stick-meta":"","header-main-stick-meta":"","header-below-stick-meta":"","astra-migrate-meta-layouts":"set","ast-page-background-enabled":"default","ast-page-background-meta":{"desktop":{"background-color":"","background-image":"","background-repeat":"repeat","background-position":"center center","background-size":"auto","background-attachment":"scroll","background-type":"","background-media":"","overlay-type":"","overlay-color":"","overlay-opacity":"","overlay-gradient":""},"tablet":{"background-color":"","background-image":"","background-repeat":"repeat","background-position":"center center","background-size":"auto","background-attachment":"scroll","background-type":"","background-media":"","overlay-type":"","overlay-color":"","overlay-opacity":"","overlay-gradient":""},"mobile":{"background-color":"","background-image":"","background-repeat":"repeat","background-position":"center center","background-size":"auto","background-attachment":"scroll","background-type":"","background-media":"","overlay-type":"","overlay-color":"","overlay-opacity":"","overlay-gradient":""}},"ast-content-background-meta":{"desktop":{"background-color":"var(--ast-global-color-5)","background-image":"","background-repeat":"repeat","background-position":"center center","background-size":"auto","background-attachment":"scroll","background-type":"","background-media":"","overlay-type":"","overlay-color":"","overlay-opacity":"","overlay-gradient":""},"tablet":{"background-color":"var(--ast-global-color-5)","background-image":"","background-repeat":"repeat","background-position":"center center","background-size":"auto","background-attachment":"scroll","background-type":"","background-media":"","overlay-type":"","overlay-color":"","overlay-opacity":"","overlay-gradient":""},"mobile":{"background-color":"var(--ast-global-color-5)","background-image":"","background-repeat":"repeat","background-position":"center center","background-size":"auto","background-attachment":"scroll","background-type":"","background-media":"","overlay-type":"","overlay-color":"","overlay-opacity":"","overlay-gradient":""}}},"product_brand":[],"product_cat":[31],"product_tag":[],"class_list":{"0":"post-1095","1":"product","2":"type-product","3":"status-publish","4":"has-post-thumbnail","6":"product_cat-alquiler-turisticos","7":"desktop-align-left","8":"tablet-align-left","9":"mobile-align-left","11":"first","12":"instock","13":"shipping-taxable","14":"product-type-external"},"acf":[],"_links":{"self":[{"href":"https:\/\/anchic.es\/en\/wp-json\/wp\/v2\/product\/1095","targetHints":{"allow":["GET"]}}],"collection":[{"href":"https:\/\/anchic.es\/en\/wp-json\/wp\/v2\/product"}],"about":[{"href":"https:\/\/anchic.es\/en\/wp-json\/wp\/v2\/types\/product"}],"replies":[{"embeddable":true,"href":"https:\/\/anchic.es\/en\/wp-json\/wp\/v2\/comments?post=1095"}],"wp:featuredmedia":[{"embeddable":true,"href":"https:\/\/anchic.es\/en\/wp-json\/wp\/v2\/media\/1341"}],"wp:attachment":[{"href":"https:\/\/anchic.es\/en\/wp-json\/wp\/v2\/media?parent=1095"}],"wp:term":[{"taxonomy":"product_brand","embeddable":true,"href":"https:\/\/anchic.es\/en\/wp-json\/wp\/v2\/product_brand?post=1095"},{"taxonomy":"product_cat","embeddable":true,"href":"https:\/\/anchic.es\/en\/wp-json\/wp\/v2\/product_cat?post=1095"},{"taxonomy":"product_tag","embeddable":true,"href":"https:\/\/anchic.es\/en\/wp-json\/wp\/v2\/product_tag?post=1095"}],"curies":[{"name":"wp","href":"https:\/\/api.w.org\/{rel}","templated":true}]}}

<div class="_tp3sbt">
<section>
<div class="_gt7myn">
<h3 class="hpipapi atm_7l_1kw7nm4 atm_c8_1x4eueo atm_cs_1kw7nm4 atm_g3_1kw7nm4 atm_gi_idpfg4 atm_l8_idpfg4 atm_kd_idpfg4_pfnrn2 dir dir-ltr" tabindex="-1">The space</h3>
</div>
<p><span class="l1h825yc atm_kd_adww2_24z95b dir dir-ltr">Redesigned and updated 2-bedroom, 2-bathroom apartment in a unique regionalist building from 1927 designed by the renowned architect Aníbal González. (Plaza de España)<br />
Bright, with two balconies facing the street and windows in all rooms around a courtyard, it maintains a traditional feel with ceilings of almost 4 meters and colorful decorated floors.<br />
Walking to all the best that Seville has to offer.</span></p>
<p>The first bedroom has three tall windows, a 160 x 2m bed, an upholstered headboard, a dressing room, and an en-suite bathroom with a large shower (130 x 70 cm), a towel warmer, and a separate shower in the toilet. The second bedroom has a 140 x 190 cm bed.</p>
<p class="translation-block">The kitchen is designed for enjoying a snack and a glass of wine while listening to music in the lounge (Nest mini) or for cooking your favorite dishes. It features a digital oven and an induction hob. All rooms are equipped with steel radiators (Nest thermostat). For summer, there are efficient Samsung air conditioning units and ceiling fans.</p>
<p>&nbsp;</p>
</section>
</div>
<section></section>
<section></section>
<div class="_tp3sbt">
<section>
<div class="_gt7myn">
<h3 class="hpipapi atm_7l_1kw7nm4 atm_c8_1x4eueo atm_cs_1kw7nm4 atm_g3_1kw7nm4 atm_gi_idpfg4 atm_l8_idpfg4 atm_kd_idpfg4_pfnrn2 dir dir-ltr" tabindex="-1">Services and common areas</h3>
</div>
<p><span class="l1h825yc atm_kd_adww2_24z95b dir dir-ltr">During your stay you will have private access to the entire apartment.</span></p>
<p>The apartment will be equipped with the bed linen and towels necessary for your stay.</p>
<p>The apartment includes, among other things:</p>
<p class="translation-block">– Air conditioning<br>
– Wi-Fi<br>
– Underfloor heating<br>
– Towel warmer<br>
– Ceiling fans<br>
– Fully equipped kitchen (oven, coffee maker, refrigerator, microwave, toaster)<br>
– Washer/dryer<br>
– Natural light<br>
– Hangers in the closets<br>
– Bed linen and two towels per guest, plus a bath mat in each bathroom<br>
– Check-in from 3:00 PM<br>
– Assistance during your stay in case of any issues.</p>
<p>&nbsp;</p>
</section>
</div>
<section></section>
<section></section>
<div class="_tp3sbt">
<section>
<div class="_gt7myn">
<h3 class="hpipapi atm_7l_1kw7nm4 atm_c8_1x4eueo atm_cs_1kw7nm4 atm_g3_1kw7nm4 atm_gi_idpfg4 atm_l8_idpfg4 atm_kd_idpfg4_pfnrn2 dir dir-ltr" tabindex="-1">Registration data</h3>
</div>
<p><span class="l1h825yc atm_kd_adww2_24z95b dir dir-ltr">Spain – National registration number<br />
ESFCTU0000410350004107850000000000000000VFT/SE/095989</span></p>
</section>
</div>
<p>&nbsp;</p>
<p>&nbsp;</p>

<p class="translation-block">Comfortable, eclectic, unique, light and details.<br>
Generous space, very high ceilings, air conditioning, chef's kitchen. 1G Wi-Fi. Elevator.<br>
Romantic, family-friendly. Quiet and very well located. Not mass tourism.<br>
White, black, terracotta.<br>
Newly renovated and updated 2-bedroom, 2-bathroom apartment in a unique regionalist building from 1927 designed by the renowned architect Aníbal González (Plaza de España). Close to all the best that Seville has to offer on foot. VUT/SE/09598</p>
